-v*g - 11. What are the prime factors of g?
2, 3
Let o(h) = -h + 2. Let m be o(-5). Suppose m*b - 3*y = 2*b + 179, -b - 2*y + 28 = 0. List the prime factors of b.
2, 17
Let z(t) = 44*t**2 + 3*t - 2. Let s be (-1944)/(-56) - 2/(-7). Let b = -34 + s. What are the prime factors of z(b)?
3, 5
List the prime factors of (-6)/15 + (-190212)/(-55).
2, 7, 13, 19
Suppose -6*q + 5 + 7 = 0. Suppose -h + 146 = -3*k, 0*h + 3*h - 466 = q*k. List the prime factors of h.
2, 79
Let c(n) = -n**3 - n**2 - n + 7. Let r = 2 + -6. List the prime factors of c(r).
59
Let b(m) = -m**2 + 15*m - 25. Let n be b(13). Let c(i) = 43*i**3 + 2*i**2 + 3*i - 4. List the prime factors of c(n).
2, 11
Let j(o) = 7*o**2 + 64*o - 54. What are the prime factors of j(-22)?
2, 3, 107
Let v(f) = 25*f**2 + 5*f - 9. List the prime factors of v(3).
3, 7, 11
Let j = 102 + -55. Suppose 4*z - j - 197 = 0. What are the prime factors of z?
61
Suppose -m - 206 = -1856. What are the prime factors of m/8 + 27/(-12) + 3?
3, 23
Let v = 486 - -192. List the prime factors of v.
2, 3, 113
Let f = 13 + -13. Suppose 0*g + 210 = 3*o + 3*g, f = 4*o - 5*g - 235. List the prime factors of o.
5, 13
Suppose -32 = -3*d - 4*m, 7 = -2*d - 2*m + 5*m. Suppose -d*g + 14 - 10 = 0. Let k = g + 18. List the prime factors of k.
19
Let k = -17 - -17. Let h(s) = 4*s - 5*s + k + s**2 + 3. What are the prime factors of h(-4)?
23
List the prime factors of 1769/4 + 60/16 + -4.
2, 13, 17
Suppose 2*r + 0*r - 6 = 0. Suppose 4*f - 3*k = 24, 0 = -7*f + 3*f - r*k. Suppose 0*t - 81 = -f*t. What are the prime factors of t?
3
Let t = 120 + -120. Suppose -4*o + 14*o - 1690 = t. List the prime factors of o.
13
Let r(m) = 6*m**2 + 3*m. Let f be r(4). Suppose -6*a + f = -2*a. What are the prime factors of a + 3/(-6)*2?
2, 13
Let r = -67 + 114. Let t = 91 - r. List the prime factors of (-33)/t + (-366)/(-8).
3, 5
Suppose 7*q - 1669 = 417. Suppose -39*g = -38*g - q. List the prime factors of g.
2, 149
Let z be -5 + -6 + 0 + 4. What are the prime factors of (3066/(-10))/z + 1/5?
2, 11
Let q = -17 - -8. What are the prime factors of (-6 - -1)*(q - 0)?
3, 5
Let c(x) = -x**3 - 15*x**2 - 12*x + 18. Let y be c(-6). Let l = -117 - y. List the prime factors of l.
3, 13
Let q = -33 + 39. List the prime factors of q.
2, 3
Let u(g) = -3*g - 18. Let p be u(-9). Let i(n) = 7*n + 65. List the prime factors of i(p).
2
What are the prime factors of (-1 - -16)/(9/81)?
3, 5
Let q = 13669 - 9344. List the prime factors of q.
5, 173
What are the prime factors of (48/(-28))/((-6)/18508)?
2, 661
Let o be 40/(68/(-18) - -4). Suppose 3*s - 4*y = -25 + 104, 5*s + 3*y - o = 0. What are the prime factors of s?
3, 11
Let a = 42 - 39. Let l = a + 43. List the prime factors of l.
2, 23
Let w be 4/(-1 + 1/3). Suppose -3*j = 3, 0 = 12*u - 16*u - 2*j + 94. What are the prime factors of (-6)/4*u/w?
2, 3
Let y(p) = -p**2 - 10 + 2*p**3 + p + 16 - p**3 + 16. Let k be (3 - 3)/(1 + 2). What are the prime factors of y(k)?
2, 11
Let x(i) = -i**2 + 16*i - 39. Let z be x(12). Let w(h) = 28*h - 28. What are the prime factors of w(z)?
2, 7
Let a = 1 + 3. Suppose 5*l = r - 0*r - 40, a*r - 265 = -l. List the prime factors of r.
5, 13
Let c = 1272 + -644. List the prime factors of c.
2, 157
Let a(m) = -4*m**3 + m**2 - m - 2. Let r be a(-2). Let c(f) = f**3 - 8*f**2 + 7*f - 11. Let g be c(7). Let l = r + g. List the prime factors of l.
5
Suppose -o - 451 + 2527 = 0. What are the prime factors of o?
2, 3, 173
Suppose -14*j + 4 = -12*j. Suppose 4 + 7 = -x + 5*m, -j*x - 74 = 3*m. Let s = x - -89. List the prime factors of s.
2, 29
Let s(x) = -x. Let h be s(0). Suppose h = 5*v + 4*a - 28, 2*a - 3*a = 3. Suppose -3*j = -2*d - 22, -j + v = 4*d - 18. What are the prime factors of j?
2, 5
Suppose -3*p - 10839 = -3*t, 5111 - 23182 = -5*t + 3*p. What are the prime factors of t?
2, 113
Suppose -105 - 23 = -4*r. What are the prime factors of (-2 - -2) + -2 + r?
2, 3, 5
Let r be (-14 + 5)*21/(-9). Suppose -r = 2*v - a + 105, a + 134 = -2*v. Let l = v + 91. What are the prime factors of l?
2, 13
Let k(s) be the first derivative of 3*s**2 + 10*s - 7. List the prime factors of k(5).
2, 5
Let o(t) be the second derivative of -t**3/6 - 11*t**2 - 7*t. Let y be o(-5). List the prime factors of (-634)/(-8) + y/68.
79
Suppose k - 1481 = 3*v, -2*v + 23 + 4398 = 3*k. List the prime factors of k.
5, 59
Suppose 6*j - 2076 = -6*j. Suppose -11*k + 12*k = j. What are the prime factors of k?
173
Let i = -317 - -542. List the prime factors of i.
3, 5
List the prime factors of -1 + -4 + (48 - (-14 - -19)).
2, 19
Let o be (762/(-16)*-2)/(6/16). Let a = 383 - o. What are the prime factors of a?
3, 43
Suppose -4*t - 2*a = -0*t + 2, -5*t - 4*a = 1. Let y = 18 - t. Suppose -y*b = -16*b - 111. List the prime factors of b.
37
Suppose w + 3*v = -1, -v = -5 + 4. List the prime factors of 2114/(-35)*-1 - w/(-10).
2, 3, 5
Let k(u) = 9*u - 1 + u**2 + 6*u**2 - 8*u**2. Let z be k(8). Suppose -2*t = -4*g - 16, 3*t = -5*g + 20 - z. What are the prime factors of t?
2, 3
Let l be 7/1 + (-1 - -2). Let m(n) = n**2 - 9*n + 8. Let y be m(l). Suppose -4*t - 4*f + 184 + y = 0, t = -2*f + 48. List the prime factors of t.
2, 11
Suppose 93 = b - 3*r, 465 = -0*b + 5*b - 2*r. Let u = b + -62. List the prime factors of u.
31
Suppose -1710 = 3*w - 3528. List the prime factors of w.
2, 3, 101
Let c = 972 + 212. List the prime factors of c.
2, 37
Suppose -4*z + 191 - 63 = 0. Let j = z + -52. Let b = -11 - j. What are the prime factors of b?
3
Let r(w) = -32*w + 170. What are the prime factors of r(-8)?
2, 3, 71
What are the prime factors of 8/(-14) + 144/56 - -551?
7, 79
Suppose -23*r = -22*r - 14. List the prime factors of (-25354)/(-98) - (-4)/r.
7, 37
Suppose -5775 = -11*a - 55. List the prime factors of a.
2, 5, 13
Let m be 0/(-4 + 3 + 4). Suppose -81 = -2*g - 3*i, m*i - 4*i - 164 = -3*g. What are the prime factors of g?
2, 3
Let q be -1 - ((-8)/(-4))/(-2). Suppose q = 4*f - 4 - 0, -3*z = 3*f - 51. Suppose 144 + z = 5*g. What are the prime factors of g?
2
Let i = -3 - 1. Let v = -37 + 57. List the prime factors of (-96)/v*(-1 + i).
2, 3
Suppose -6*h - 3*j = -h - 1699, 0 = 5*h - 4*j - 1713. Let o = -233 + h. What are the prime factors of o?
2, 3
Suppose -4 = -2*q + 2. Suppose -6 = -6*d + q*d. Suppose -d*g = 3*r - 29, 0*g + 5 = -g. What are the prime factors of r?
13
Suppose 5*s = -s + 18. List the prime factors of (s + (-7)/4)*4.
5
Suppose -r + 8 = 3*r. Let c(f) = 2*f + 1. Let w be c(r). Suppose -5*n = -g - 137, 2*n - 6*n + 127 = w*g. What are the prime factors of n?
2, 7
Let t(u) = u**3 + 10*u**2 - 12*u + 9. Let q be t(-11). Suppose -h + 11 = 2*g, 0 = 8*h - 9*h + g + q. List the prime factors of h.
17
Let z = 11793 - 6219. List the prime factors of z.
2, 3, 929
Let s(j) = 153*j + 8. What are the prime factors of s(6)?
2, 463
Let t(h) = 10*h**2 + 45*h - 56. List the prime factors of t(9).
19, 61
Let f = 1 + -2. Let t = f + 4. Suppose -30 = -t*y - l + 22, 5*l + 25 = 0. List the prime factors of y.
19
Suppose 2*b - 80 = -5*j, -3*b + 18 = 2*j - 5*b. Let h = 16 - j. List the prime factors of (-3 + 4)/(h/38).
19
Let y = -25 - -24. Let v be (8 - 9)/(y/3). Suppose v*q + 26 - 309 = -5*i, 5*q - 5 = 0. List the prime factors of i.
2, 7
Suppose o = -o + 12. Suppose y - o*y + 30 = 0. Suppose -y*v + 76 = -2*v. List the prime factors of v.
19
Let i be (-10)/3*12/8. Let k(x) = 6*x - 4. Let m be k(i). List the prime factors of (7 + -6)*m/(-2).
17
Suppose -3*i - 440 = -4*f + i, 0 = -2*f + 5*i + 223. Suppose 0 = 2*y - 327 + f. What are the prime factors of y?
109
Let o be -3 + 21/9 + (-38)/(-3). Suppose -o*h = -19*h + 308. List the prime factors of h.
2, 11
Suppose 5*y - 7696 = 6*w - 2*w, 5*y - w = 7699. What are the prime factors of y?
2, 5, 7, 11
Suppose 2*n - 20 = -0*n. Let l = n - 16. List the prime factors of 1 + 111/(l/(-2)).
2, 19
Let l = 717 + -456. Suppose 0 = -5*u + l + 64. List the prime factors of u.
5, 13
Let r(i) be the first derivative of -9*i**2/2 + 8*i + 385. Let k be (-2)/(-7) + 46/(-14). List the prime factors of r(k).
5, 7
Let w = 16 - -6. Let k = w + -17. Suppose -85 - 90 = -k*v. What are the prime factors of v?
5, 7
Let y be 6*1/2*10. Let g = y - 23. Let k = g + 30. What are the prime factors of k?
37
Suppose 3898 = 3*g + 178. List the prime